5
What is the thousands digit of 11643606?
3
What is the ten millions digit of 28041397?
2
What is the millions digit of 1017196167?
7
What is the thousands digit of 672927013?
7
What is the hundred thousands digit of 200282198?
2
What is the ten millions digit of 120643836?
2
What is the millions digit of 607307558?
7
What is the millions digit of 434216494?
4
What is the ten millions digit of 233342619?
3
What is the ten thousands digit of 25498971?
9
What is the hundred thousands digit of 276847750?
8
What is the tens digit of 70862900?
0
What is the hundreds digit of 55382014?
0
What is the tens digit of 93799308?
0
What is the tens digit of 56668272?
7
What is the hundred millions digit of 110591348?
1
What is the units digit of 4986397890?
0
What is the millions digit of 236339648?
6
What is the millions digit of 690664435?
0
What is the hundred thousands digit of 25171685?
1
What is the thousands digit of 1574457565?
7
What is the ten millions digit of 214756571?
1
What is the tens digit of 343431639?
3
What is the tens digit of 795486829?
2
What is the units digit of 25204168?
8
What is the units digit of 180233680?
0
What is the ten millions digit of 448087261?
4
What is the thousands digit of 3247088135?
8
What is the ten millions digit of 57530873?
5
What is the thousands digit of 53207962?
7
What is the units digit of 227158757?
7
What is the hundreds digit of 91602841?
8
What is the hundred thousands digit of 147336900?
3
What is the tens digit of 54679401?
0
What is the thousands digit of 204503968?
3
What is the ten millions digit of 348412481?
4
What is the hundred millions digit of 3131072712?
1
What is the ten thousands digit of 1223736943?
3
What is the tens digit of 3457689452?
5
What is the thousands digit of 3510401599?
1
What is the ten millions digit of 148965047?
4
What is the ten thousands digit of 59726205?
2
What is the units digit of 485307432?
2
What is the ten thousands digit of 19674441?
7
What is the ten thousands digit of 5197011013?
1
What is the ten thousands digit of 2342707513?
0
What is the thousands digit of 309856160?
6
What is the tens digit of 206674514?
1
What is the tens digit of 274570934?
3
What is the ten thousands digit of 1243209054?
0
What is the hundred thousands digit of 656645202?
6
What is the thousands digit of 36450268?
0
What is the hundred millions digit of 5016185225?
0
What is the millions digit of 429294096?
9
What is the hundreds digit of 6517202190?
1
What is the hundred millions digit of 1109649843?
1
What is the units digit of 574563192?
2
What is the units digit of 102794471?
1
What is the hundred millions digit of 385236054?
3
What is the tens digit of 1283985694?
9
What is the ten millions digit of 65175449?
6
What is the units digit of 338567569?
9
What is the millions digit of 494737012?
4
What is the hundreds digit of 111025918?
9
What is the ten millions digit of 265511265?
6
What is the hundred millions digit of 563935771?
5
What is the ten millions digit of 84700401?
8
What is the thousands digit of 4462091589?
1
What is the millions digit of 86246039?
6
What is the hundreds digit of 118992214?
2
What is the ten thousands digit of 397524755?
2
What is the millions digit of 68370927?
8
What is the thousands digit of 190057048?
7
What is the ten thousands digit of 78447044?
4
What is the hundreds digit of 4211181145?
1
What is the tens digit of 368542592?
9
What is the hundreds digit of 13521699?
6
What is the thousands digit of 2492906309?
6
What is the ten millions digit of 1993502227?
9
What is the thousands digit of 1116342181?
2
What is the ten millions digit of 437821199?
3
What is the billions digit of 2173275073?
2
What is the hundred thousands digit of 71982531?
9
What is the hundred thousands digit of 406578952?
5
What is the hundreds digit of 1427601201?
2
What is the hundred millions digit of 8908309727?
9
What is the ten thousands digit of 133314172?
1
What is the billions digit of 1432661926?
1
What is the ten thousands digit of 76679051?
7
What is the units digit of 253078356?
6
What is the units digit of 1272038732?
2
What is the hundreds digit of 43839244?
2
What is the ten thousands digit of 1321773251?
7
What is the ten millions digit of 32355698?
3
What is the thousands digit of 1799543123?
3
What is the hundred thousands digit of 88562726?
5
What is the tens digit of 9164470?
7
What is the units digit of 236501709?
9
What is the ten millions digit of 51866774?
5
What is the hundred millions digit of 156687654?
1
What is the ten thousands digit of 28183128?
8
What is the hundred thousands digit of 528596617?
5
What is the millions digit of 106943704?
6
What is the units digit of 108412144?
4
What is the tens digit of 92625139?
3
What is the hundred millions digit of 284415605?
2
What is the thousands digit of 99027834?
7
What is the thousands digit of 117246879?
6
What is the hundred thousands digit of 1894507?
8
What is the millions digit of 505637398?
5
What is the thousands digit of 185457826?
7
What is the hundred millions digit of 290348449?
2
What is the ten thousands digit of 109356850?
5
What is the millions digit of 18621295?
8
What is the hundred thousands digit of 630933065?
9
What is the tens digit of 973327746?
4
What is the ten thousands digit of 53057536?
5
What is the hundred thousands digit of 59540325?
5
What is the millions digit of 190387320?
0
What is the millions digit of 421969068?
1
What is the ten millions digit of 324255379?
2
What is the ten millions digit of 87971825?
8
What is the units digit of 414323983?
3
What is the hundred millions digit of 1967672633?
9
What is the hundred thousands digit of 2923127924?
1
What is the hundreds digit of 97066523?
5
What is the hundred thousands digit of 125315527?
3
What is the ten thousands digit of 4731295604?
9
What is the hundred thousands digit of 1668339827?
3
What is the thousands digit of 2504023265?
3
What is the tens digit of 441001975?
7
What is the thousands digit of 2714888035?
8
What is the thousands digit of 184863741?
3
What is the thousands digit of 116452256?
2
What is the ten thousands digit of 1953959554?
5
What is the millions digit of 625206915?
5
What is the hundred millions digit of 753552929?
7
What is the hundred thousands digit of 34054870?
0
What is the thousands digit of 1826405670?
5
What is the ten thousands digit of 135615812?
1
What is the tens digit of 59613315?
1
What is the hundreds digit of 2577964439?
4
What is the thousands digit of 5517682560?
2
What is the tens digit of 342058972?
7
What is the billions digit of 3004428125?
3
What is the ten thousands digit of 23509700?
0
What is the ten millions digit of 39908595?
3
What is the hundreds digit of 433591349?
3
What is the millions digit of 5996064753?
6
What is the tens digit of 253149714?
1
What is the ten thousands digit of 96740103?
4
What is the millions digit of 3269624081?
9
What is the ten millions digit of 362439939?
6
What is the ten thousands digit of 21878286?
7
What is the tens digit of 573891632?
3
What is the hundred millions digit of 104956464?
1
What is the ten millions digit of 2044859643?
4
What is the units digit of 72810156?
6
What is the tens digit of 861992451?
5
What is the hundreds digit of 175410691?
6
What is the tens digit of 3954823190?
9
What is the hundred thousands digit of 26132348?
1
What is the hundred thousands digit of 1178767199?
7
What is the tens digit of 55833282?
8
What is the millions digit of 1243317241?
3
What is the hundred millions digit of 602831010?
6
What is the hundred thousands digit of 223102388?
1
What is the hundreds digit of 64559639?
6
What is the ten millions digit of 932051975?
3
What is the hundreds digit of 898398743?
7
What is the ten thousands digit of 4313589?
1
What is the hundreds digit of 271054278?
2
What is the hundred millions digit of 189166684?
1
What is the units digit of 1080490003?
3
What is the ten thousands digit of 651586568?
8
What is the hundred millions digit of 281393579?
2
What is the tens digit of 669193490?
9
What is the thousands digit of 267936165?
6
What is the thousands digit of 183339788?
9
What is the ten millions digit of 36374283?
3
What is the hundreds digit of 67818064?
0
What is the hundred thousand